{"id":6145,"date":"2024-03-07T14:16:30","date_gmt":"2024-03-07T18:16:30","guid":{"rendered":"https:\/\/certv.gob.do\/portal-transparencia\/?page_id=6145"},"modified":"2024-08-19T13:43:15","modified_gmt":"2024-08-19T17:43:15","slug":"preguntas-frecuentes","status":"publish","type":"page","link":"https:\/\/certv.gob.do\/portal-transparencia\/preguntas-frecuentes\/","title":{"rendered":"Preguntas frecuentes"},"content":{"rendered":"\t\t<div data-elementor-type=\"wp-page\" data-elementor-id=\"6145\" class=\"elementor elementor-6145\" data-elementor-post-type=\"page\">\n\t\t\t\t\t\t<section class=\"ob-is-breaking-bad elementor-section elementor-top-section elementor-element elementor-element-7269bce2 elementor-section-boxed elementor-section-height-default elementor-section-height-default\" data-id=\"7269bce2\" data-element_type=\"section\" data-settings=\"{&quot;_ob_bbad_use_it&quot;:&quot;yes&quot;,&quot;_ob_bbad_sssic_use&quot;:&quot;no&quot;,&quot;_ob_glider_is_slider&quot;:&quot;no&quot;}\">\n\t\t\t\t\t\t<div class=\"elementor-container elementor-column-gap-default\">\n\t\t\t\t\t<div class=\"elementor-column elementor-col-100 elementor-top-column elementor-element elementor-element-75112157\" data-id=\"75112157\" data-element_type=\"column\" data-settings=\"{&quot;_ob_bbad_is_stalker&quot;:&quot;no&quot;,&quot;_ob_teleporter_use&quot;:false,&quot;_ob_column_hoveranimator&quot;:&quot;no&quot;,&quot;_ob_column_has_pseudo&quot;:&quot;no&quot;}\">\n\t\t\t<div class=\"elementor-widget-wrap elementor-element-populated\">\n\t\t\t\t\t\t<div class=\"elementor-element elementor-element-59d6d9eb elementor-hidden-desktop elementor-hidden-tablet elementor-hidden-mobile ob-harakiri-inherit ob-has-background-overlay elementor-widget elementor-widget-text-editor\" data-id=\"59d6d9eb\" data-element_type=\"widget\" data-settings=\"{&quot;_ob_use_harakiri&quot;:&quot;yes&quot;,&quot;_ob_harakiri_writing_mode&quot;:&quot;inherit&quot;,&quot;_ob_postman_use&quot;:&quot;no&quot;,&quot;_ob_perspektive_use&quot;:&quot;no&quot;,&quot;_ob_poopart_use&quot;:&quot;yes&quot;,&quot;_ob_shadough_use&quot;:&quot;no&quot;,&quot;_ob_allow_hoveranimator&quot;:&quot;no&quot;,&quot;_ob_widget_stalker_use&quot;:&quot;no&quot;}\" data-widget_type=\"text-editor.default\">\n\t\t\t\t<div class=\"elementor-widget-container\">\n\t\t\t<style>\/*! elementor - v3.20.0 - 26-03-2024 *\/\n.elementor-widget-text-editor.elementor-drop-cap-view-stacked .elementor-drop-cap{background-color:#69727d;color:#fff}.elementor-widget-text-editor.elementor-drop-cap-view-framed .elementor-drop-cap{color:#69727d;border:3px solid;background-color:transparent}.elementor-widget-text-editor:not(.elementor-drop-cap-view-default) .elementor-drop-cap{margin-top:8px}.elementor-widget-text-editor:not(.elementor-drop-cap-view-default) .elementor-drop-cap-letter{width:1em;height:1em}.elementor-widget-text-editor .elementor-drop-cap{float:left;text-align:center;line-height:1;font-size:50px}.elementor-widget-text-editor .elementor-drop-cap-letter{display:inline-block}<\/style>\t\t\t\t<!-- wp:paragraph -->\n<p><strong>Historia<br \/><\/strong><br \/>Esta instituci\u00f3n fue fundada en Bonao, municipio entonces de la provincia La Vega,<br \/>propiedad de J. Arismendy Trujillo Molina (Pet\u00e1n), el primero de agosto del a\u00f1o<br \/>1942, con el nombre de \u201d La Voz del Yuna\u201d en honor al r\u00edo Yuna. Comenz\u00f3 a<br \/>laborar con un peque\u00f1o transmisor radial, con una gran proyecci\u00f3n pues se estaba<br \/>en pleno esplendor de la \u201cEra de Trujillo\u201d, per\u00edodo en que el pa\u00eds era dirigido por Rafael L. Trujillo, hermano del fundador de la nueva radio estaci\u00f3n.<\/p>\n<p><br \/><strong>Visi\u00f3n<\/strong><\/p>\n<p><br \/>\u201cLa Corporaci\u00f3n Estatal de Radio y Televisi\u00f3n (CERTV) es reconocida por el uso de tecnolog\u00eda digital terrestre\u00a0 (TDT), la calidad de sus contenidos, la confiabilidad de<br \/>sus servicios informativos, y por ser veh\u00edculo de difusi\u00f3n de la identidad cultural de la Rep\u00fablica Dominicana y de los intereses de su Estado\u201d.<\/p>\n<p><br \/><strong>Misi\u00f3n<\/strong><\/p>\n<p><br \/>\u201cLa Corporaci\u00f3n Estatal de\u00a0 Radio y Televisi\u00f3n (CERTV) es la instituci\u00f3n del Estado dominicano que opera el servicio p\u00fablico de televisi\u00f3n y radio encargada de la producci\u00f3n, programaci\u00f3n y emisi\u00f3n de contenido\u00a0 educativo, cultural, noticioso, de opini\u00f3n, legislativo, estatal y de entretenimiento de alta calidad; apoyada en el mejoramiento continuo de sus recursos humanos y en el uso de tecnolog\u00eda de vanguardia\u201d.<\/p>\n<p><br \/><strong>\u00bfCu\u00e1l es la Ley que crea la Corporaci\u00f3n Estatal de Radio y Televisi\u00f3n<br \/>(CERTV)?<\/strong><br \/><strong>Ley 134-03.<\/strong><\/p>\n<p><br \/>Amplia esta informaci\u00f3n en el enlace directo:<\/p>\n<p><br \/><a href=\"https:\/\/certv.gob.do\/portal-transparencia\/base-legal-de-la-institucion\/leyes\/\"><strong>https:\/\/certv.gob.do\/portal-transparencia\/base-legal-de-la-institucion\/leyes\/<\/strong><\/a><\/p>\n<!-- \/wp:paragraph --><!-- wp:paragraph -->\n<p>\u00a0<\/p>\n<p><strong>\u00bfCu\u00e1l es la fecha m\u00e1s importante para nosotros?<\/strong><\/p>\n<p><br \/>Celebra el 1ero de agosto de cada a\u00f1o (fundada en 1942) inmerso en una renovaci\u00f3n completa de su programaci\u00f3n y en una transformaci\u00f3n tecnol\u00f3gica sin precedentes con equipos nuevos de \u00faltima generaci\u00f3n que coloca al canal 4 como uno de los canales m\u00e1s modernos del \u00e1rea del Caribe. Radio Televisi\u00f3n Dominicana<br \/>(RTVD) es el primer canal dominicano con una unidad creativa para la creaci\u00f3n de<br \/>contenidos especiales, m\u00fasica y promociones. Tambi\u00e9n es el \u00fanico canal con himno propio, \u201cOrgullo es mi televisi\u00f3n\u201d, en el que se muestra la alegr\u00eda, la m\u00fasica y la identidad dominicana.<\/p>\n<p>\u00a0<\/p>\n<!-- \/wp:paragraph --><!-- wp:paragraph -->\n<p><strong>\u00bfA qui\u00e9n va dirigido los servicios que ofrece la Corporaci\u00f3n Estatal de Radio y Televisi\u00f3n\u00a0 (CERTV)?<\/strong><\/p>\n<p><br \/>Empresas e Instituciones del sector p\u00fablico y privado.<\/p>\n<p><br \/><strong>\u00bfRequerimientos o requisitos?<\/strong><\/p>\n<p><br \/>El programa o evento a\u00a0 transmitir debe estar a acorde a los lineamientos que dicta<br \/>la Ley 134-03 sobre el objetivo de los medios de Corporaci\u00f3n Estatal de Radio y Televisi\u00f3n. Sujeto a disponibilidad de horario y a la aprobaci\u00f3n del Comit\u00e9 de Televisi\u00f3n de\u00a0 CERTV.<\/p>\n<p><br \/>En el caso de transmisi\u00f3n de eventos en vivo, la se\u00f1al debe ser provista por el<br \/>contratante.<\/p>\n<p><br \/>En el caso de transmisi\u00f3n de eventos grabados, debe ser suministrado el material<br \/>en formato digital con una resoluci\u00f3n m\u00ednima de 1280 x 720 pixeles, relaci\u00f3n de<br \/>aspecto 16:9 y velocidad de fotogramas constante de 29.9 FPS un plazo m\u00ednimo de<br \/>24 horas antes.<br \/><br \/><strong>\u00bfPuedo tener acceso a un documento audiovisual del archivo?<\/strong><br \/>Corporaci\u00f3n Estatal de Radio y Televisi\u00f3n (CERTV) no comercializa sus contenidos<br \/>a particulares, pero s\u00ed pueden estar disponibles para su consulta con el fin de<br \/>realizar trabajos de investigaci\u00f3n universitaria: tesis doctorales, trabajos de fin de m\u00e1ster e investigaciones de docentes.<\/p>\n<p>\u00a0<\/p>\n<!-- \/wp:paragraph --><!-- wp:paragraph -->\n<p><strong>\u00bfPuedo ver los programas de CERTV por Internet?<\/strong><\/p>\n<p><br \/>CERTV emite en directo a trav\u00e9s de <a href=\"https:\/\/rtvd.gob.do\/\">https:\/\/rtvd.gob.do\/<\/a> accesible desde ordenadores, m\u00f3viles y tabletas toda la programaci\u00f3n, 24 horas 7 d\u00edas a la semana.<\/p>\n<!-- \/wp:paragraph -->\t\t\t\t\t\t<\/div>\n\t\t\t\t<\/div>\n\t\t\t\t<div class=\"elementor-element elementor-element-15068f9 ob-harakiri-inherit ob-has-background-overlay elementor-widget elementor-widget-text-editor\" data-id=\"15068f9\" data-element_type=\"widget\" data-settings=\"{&quot;_ob_use_harakiri&quot;:&quot;yes&quot;,&quot;_ob_harakiri_writing_mode&quot;:&quot;inherit&quot;,&quot;_ob_postman_use&quot;:&quot;no&quot;,&quot;_ob_perspektive_use&quot;:&quot;no&quot;,&quot;_ob_poopart_use&quot;:&quot;yes&quot;,&quot;_ob_shadough_use&quot;:&quot;no&quot;,&quot;_ob_allow_hoveranimator&quot;:&quot;no&quot;,&quot;_ob_widget_stalker_use&quot;:&quot;no&quot;}\" data-widget_type=\"text-editor.default\">\n\t\t\t\t<div class=\"elementor-widget-container\">\n\t\t\t\t\t\t\t<!-- wp:paragraph -->\n<p><strong>Historia<br \/><\/strong><br \/>Esta instituci\u00f3n fue fundada en Bonao, municipio entonces de la provincia La Vega,<br \/>propiedad de J. Arismendy Trujillo Molina (Pet\u00e1n), el primero de agosto del a\u00f1o<br \/>1942, con el nombre de \u201d La Voz del Yuna\u201d en honor al r\u00edo Yuna. Comenz\u00f3 a<br \/>laborar con un peque\u00f1o transmisor radial, con una gran proyecci\u00f3n pues se estaba<br \/>en pleno esplendor de la \u201cEra de Trujillo\u201d, per\u00edodo en que el pa\u00eds era dirigido por Rafael L. Trujillo, hermano del fundador de la nueva radio estaci\u00f3n.<\/p>\n<p><br \/><strong>Visi\u00f3n<\/strong><\/p>\n<p><br \/>\u201cLa Corporaci\u00f3n Estatal de Radio y Televisi\u00f3n (CERTV) es reconocida por el uso de tecnolog\u00eda digital terrestre\u00a0 (TDT), la calidad de sus contenidos, la confiabilidad de<br \/>sus servicios informativos, y por ser veh\u00edculo de difusi\u00f3n de la identidad cultural de la Rep\u00fablica Dominicana y de los intereses de su Estado\u201d.<\/p>\n<p><br \/><strong>Misi\u00f3n<\/strong><\/p>\n<p><br \/>\u201cLa Corporaci\u00f3n Estatal de\u00a0 Radio y Televisi\u00f3n (CERTV) es la instituci\u00f3n del Estado dominicano que opera el servicio p\u00fablico de televisi\u00f3n y radio encargada de la producci\u00f3n, programaci\u00f3n y emisi\u00f3n de contenido\u00a0 educativo, cultural, noticioso, de opini\u00f3n, legislativo, estatal y de entretenimiento de alta calidad; apoyada en el mejoramiento continuo de sus recursos humanos y en el uso de tecnolog\u00eda de vanguardia\u201d.<\/p>\n<p><br \/><strong>\u00bfCu\u00e1l es la Ley que crea la Corporaci\u00f3n Estatal de Radio y Televisi\u00f3n<br \/>(CERTV)?<\/strong><\/p>\n<p><br \/><strong>Ley 134-03.<\/strong><\/p>\n<p><br \/>Amplia esta informaci\u00f3n en el enlace directo:<\/p>\n<p><br \/><a href=\"https:\/\/certv.gob.do\/portal-transparencia\/base-legal-de-la-institucion\/leyes\/\"><strong>https:\/\/certv.gob.do\/portal-transparencia\/base-legal-de-la-institucion\/leyes\/<\/strong><\/a><\/p>\n<!-- \/wp:paragraph --><!-- wp:paragraph -->\n<p>\u00a0<\/p>\n<p><strong>\u00bfCu\u00e1l es la fecha m\u00e1s importante para nosotros?<\/strong><\/p>\n<p><br \/>Celebra el 1ero de agosto de cada a\u00f1o (fundada en 1942) inmerso en una renovaci\u00f3n completa de su programaci\u00f3n y en una transformaci\u00f3n tecnol\u00f3gica sin precedentes con equipos nuevos de \u00faltima generaci\u00f3n que coloca al canal 4 como uno de los canales m\u00e1s modernos del \u00e1rea del Caribe. Radio Televisi\u00f3n Dominicana<br \/>(RTVD) es el primer canal dominicano con una unidad creativa para la creaci\u00f3n de<br \/>contenidos especiales, m\u00fasica y promociones. Tambi\u00e9n es el \u00fanico canal con himno propio, \u201cOrgullo es mi televisi\u00f3n\u201d, en el que se muestra la alegr\u00eda, la m\u00fasica y la identidad dominicana.<\/p>\n<p>\u00a0<\/p>\n<!-- \/wp:paragraph --><!-- wp:paragraph -->\n<p><strong>\u00bfA qui\u00e9n va dirigido los servicios que ofrece la Corporaci\u00f3n Estatal de Radio y Televisi\u00f3n\u00a0 (CERTV)?<\/strong><\/p>\n<p><br \/>Empresas e Instituciones del sector p\u00fablico y privado.<\/p>\n<p><br \/><strong>\u00bfRequerimientos o requisitos?<\/strong><\/p>\n<p><br \/>El programa o evento a\u00a0 transmitir debe estar a acorde a los lineamientos que dicta<br \/>la Ley 134-03 sobre el objetivo de los medios de Corporaci\u00f3n Estatal de Radio y Televisi\u00f3n. Sujeto a disponibilidad de horario y a la aprobaci\u00f3n del Comit\u00e9 de Televisi\u00f3n de\u00a0 CERTV.<\/p>\n<p><br \/>En el caso de transmisi\u00f3n de eventos en vivo, la se\u00f1al debe ser provista por el<br \/>contratante.<\/p>\n<p><br \/>En el caso de transmisi\u00f3n de eventos grabados, debe ser suministrado el material<br \/>en formato digital con una resoluci\u00f3n m\u00ednima de 1280 x 720 pixeles, relaci\u00f3n de<br \/>aspecto 16:9 y velocidad de fotogramas constante de 29.9 FPS un plazo m\u00ednimo de<br \/>24 horas antes.<br \/><br \/><strong>\u00bfPuedo tener acceso a un documento audiovisual del archivo?<\/strong><br \/>Corporaci\u00f3n Estatal de Radio y Televisi\u00f3n (CERTV) no comercializa sus contenidos<br \/>a particulares, pero s\u00ed pueden estar disponibles para su consulta con el fin de<br \/>realizar trabajos de investigaci\u00f3n universitaria: tesis doctorales, trabajos de fin de m\u00e1ster e investigaciones de docentes.<\/p>\n<p>\u00a0<\/p>\n<!-- \/wp:paragraph --><!-- wp:paragraph -->\n<p><strong>\u00bfPuedo ver los programas de CERTV por Internet?<\/strong><\/p>\n<p><br \/>CERTV emite en directo a trav\u00e9s de <a href=\"https:\/\/rtvd.gob.do\/\">https:\/\/rtvd.gob.do\/<\/a> accesible desde ordenadores, m\u00f3viles y tabletas toda la programaci\u00f3n, 24 horas 7 d\u00edas a la semana.<\/p>\n<!-- \/wp:paragraph -->\t\t\t\t\t\t<\/div>\n\t\t\t\t<\/div>\n\t\t\t\t\t<\/div>\n\t\t<\/div>\n\t\t\t\t\t<\/div>\n\t\t<\/section>\n\t\t\t\t<\/div>\n\t\t","protected":false},"excerpt":{"rendered":"<p>HistoriaEsta instituci\u00f3n fue fundada en Bonao, municipio entonces de la provincia La Vega,propiedad de J. Arismendy Trujillo Molina (Pet\u00e1n), el primero de agosto del a\u00f1o1942, con el nombre de \u201d La Voz del Yuna\u201d en honor al r\u00edo Yuna. Comenz\u00f3 alaborar con un peque\u00f1o transmisor radial, con una gran proyecci\u00f3n pues se estabaen pleno esplendor [&hellip;]<\/p>\n","protected":false},"author":1,"featured_media":6651,"parent":0,"menu_order":0,"comment_status":"closed","ping_status":"closed","template":"","meta":{"footnotes":""},"class_list":["post-6145","page","type-page","status-publish","has-post-thumbnail","hentry"],"yoast_head":"<!-- This site is optimized with the Yoast SEO plugin v23.8 - https:\/\/yoast.com\/wordpress\/plugins\/seo\/ -->\n<title>Preguntas frecuentes - Portal de Transparencia<\/title>\n<meta name=\"robots\" content=\"index, follow, max-snippet:-1, max-image-preview:large, max-video-preview:-1\" \/>\n<link rel=\"canonical\" href=\"https:\/\/certv.gob.do\/portal-transparencia\/preguntas-frecuentes\/\" \/>\n<meta property=\"og:locale\" content=\"es_ES\" \/>\n<meta property=\"og:type\" content=\"article\" \/>\n<meta property=\"og:title\" content=\"Preguntas frecuentes - Portal de Transparencia\" \/>\n<meta property=\"og:description\" content=\"HistoriaEsta instituci\u00f3n fue fundada en Bonao, municipio entonces de la provincia La Vega,propiedad de J. Arismendy Trujillo Molina (Pet\u00e1n), el primero de agosto del a\u00f1o1942, con el nombre de \u201d La Voz del Yuna\u201d en honor al r\u00edo Yuna. Comenz\u00f3 alaborar con un peque\u00f1o transmisor radial, con una gran proyecci\u00f3n pues se estabaen pleno esplendor [&hellip;]\" \/>\n<meta property=\"og:url\" content=\"https:\/\/certv.gob.do\/portal-transparencia\/preguntas-frecuentes\/\" \/>\n<meta property=\"og:site_name\" content=\"Portal de Transparencia\" \/>\n<meta property=\"article:modified_time\" content=\"2024-08-19T17:43:15+00:00\" \/>\n<meta name=\"twitter:card\" content=\"summary_large_image\" \/>\n<meta name=\"twitter:label1\" content=\"Tiempo de lectura\" \/>\n\t<meta name=\"twitter:data1\" content=\"5 minutos\" \/>\n<script type=\"application\/ld+json\" class=\"yoast-schema-graph\">{\"@context\":\"https:\/\/schema.org\",\"@graph\":[{\"@type\":\"WebPage\",\"@id\":\"https:\/\/certv.gob.do\/portal-transparencia\/preguntas-frecuentes\/\",\"url\":\"https:\/\/certv.gob.do\/portal-transparencia\/preguntas-frecuentes\/\",\"name\":\"Preguntas frecuentes - Portal de Transparencia\",\"isPartOf\":{\"@id\":\"https:\/\/certv.gob.do\/portal-transparencia\/#website\"},\"primaryImageOfPage\":{\"@id\":\"https:\/\/certv.gob.do\/portal-transparencia\/preguntas-frecuentes\/#primaryimage\"},\"image\":{\"@id\":\"https:\/\/certv.gob.do\/portal-transparencia\/preguntas-frecuentes\/#primaryimage\"},\"thumbnailUrl\":\"https:\/\/certv.gob.do\/portal-transparencia\/wp-content\/uploads\/2023\/08\/miniatura-folder.png\",\"datePublished\":\"2024-03-07T18:16:30+00:00\",\"dateModified\":\"2024-08-19T17:43:15+00:00\",\"breadcrumb\":{\"@id\":\"https:\/\/certv.gob.do\/portal-transparencia\/preguntas-frecuentes\/#breadcrumb\"},\"inLanguage\":\"es\",\"potentialAction\":[{\"@type\":\"ReadAction\",\"target\":[\"https:\/\/certv.gob.do\/portal-transparencia\/preguntas-frecuentes\/\"]}]},{\"@type\":\"ImageObject\",\"inLanguage\":\"es\",\"@id\":\"https:\/\/certv.gob.do\/portal-transparencia\/preguntas-frecuentes\/#primaryimage\",\"url\":\"https:\/\/certv.gob.do\/portal-transparencia\/wp-content\/uploads\/2023\/08\/miniatura-folder.png\",\"contentUrl\":\"https:\/\/certv.gob.do\/portal-transparencia\/wp-content\/uploads\/2023\/08\/miniatura-folder.png\",\"width\":1280,\"height\":720},{\"@type\":\"BreadcrumbList\",\"@id\":\"https:\/\/certv.gob.do\/portal-transparencia\/preguntas-frecuentes\/#breadcrumb\",\"itemListElement\":[{\"@type\":\"ListItem\",\"position\":1,\"name\":\"Inicio\",\"item\":\"https:\/\/certv.gob.do\/portal-transparencia\/\"},{\"@type\":\"ListItem\",\"position\":2,\"name\":\"Preguntas frecuentes\"}]},{\"@type\":\"WebSite\",\"@id\":\"https:\/\/certv.gob.do\/portal-transparencia\/#website\",\"url\":\"https:\/\/certv.gob.do\/portal-transparencia\/\",\"name\":\"Portal de Transparencia\",\"description\":\"Portal de Transparencia\",\"publisher\":{\"@id\":\"https:\/\/certv.gob.do\/portal-transparencia\/#organization\"},\"alternateName\":\"Portal de Transparencia\",\"potentialAction\":[{\"@type\":\"SearchAction\",\"target\":{\"@type\":\"EntryPoint\",\"urlTemplate\":\"https:\/\/certv.gob.do\/portal-transparencia\/?s={search_term_string}\"},\"query-input\":{\"@type\":\"PropertyValueSpecification\",\"valueRequired\":true,\"valueName\":\"search_term_string\"}}],\"inLanguage\":\"es\"},{\"@type\":\"Organization\",\"@id\":\"https:\/\/certv.gob.do\/portal-transparencia\/#organization\",\"name\":\"Portal de Transparencia\",\"url\":\"https:\/\/certv.gob.do\/portal-transparencia\/\",\"logo\":{\"@type\":\"ImageObject\",\"inLanguage\":\"es\",\"@id\":\"https:\/\/certv.gob.do\/portal-transparencia\/#\/schema\/logo\/image\/\",\"url\":\"https:\/\/certv.gob.do\/portal-transparencia\/wp-content\/uploads\/2024\/08\/RTVD-LOGO-CORPORACION-ESTATAL-2-copia.svg\",\"contentUrl\":\"https:\/\/certv.gob.do\/portal-transparencia\/wp-content\/uploads\/2024\/08\/RTVD-LOGO-CORPORACION-ESTATAL-2-copia.svg\",\"width\":360,\"height\":104,\"caption\":\"Portal de Transparencia\"},\"image\":{\"@id\":\"https:\/\/certv.gob.do\/portal-transparencia\/#\/schema\/logo\/image\/\"}}]}<\/script>\n<!-- \/ Yoast SEO plugin. -->","yoast_head_json":{"title":"Preguntas frecuentes - Portal de Transparencia","robots":{"index":"index","follow":"follow","max-snippet":"max-snippet:-1","max-image-preview":"max-image-preview:large","max-video-preview":"max-video-preview:-1"},"canonical":"https:\/\/certv.gob.do\/portal-transparencia\/preguntas-frecuentes\/","og_locale":"es_ES","og_type":"article","og_title":"Preguntas frecuentes - Portal de Transparencia","og_description":"HistoriaEsta instituci\u00f3n fue fundada en Bonao, municipio entonces de la provincia La Vega,propiedad de J. Arismendy Trujillo Molina (Pet\u00e1n), el primero de agosto del a\u00f1o1942, con el nombre de \u201d La Voz del Yuna\u201d en honor al r\u00edo Yuna. Comenz\u00f3 alaborar con un peque\u00f1o transmisor radial, con una gran proyecci\u00f3n pues se estabaen pleno esplendor [&hellip;]","og_url":"https:\/\/certv.gob.do\/portal-transparencia\/preguntas-frecuentes\/","og_site_name":"Portal de Transparencia","article_modified_time":"2024-08-19T17:43:15+00:00","twitter_card":"summary_large_image","twitter_misc":{"Tiempo de lectura":"5 minutos"},"schema":{"@context":"https:\/\/schema.org","@graph":[{"@type":"WebPage","@id":"https:\/\/certv.gob.do\/portal-transparencia\/preguntas-frecuentes\/","url":"https:\/\/certv.gob.do\/portal-transparencia\/preguntas-frecuentes\/","name":"Preguntas frecuentes - Portal de Transparencia","isPartOf":{"@id":"https:\/\/certv.gob.do\/portal-transparencia\/#website"},"primaryImageOfPage":{"@id":"https:\/\/certv.gob.do\/portal-transparencia\/preguntas-frecuentes\/#primaryimage"},"image":{"@id":"https:\/\/certv.gob.do\/portal-transparencia\/preguntas-frecuentes\/#primaryimage"},"thumbnailUrl":"https:\/\/certv.gob.do\/portal-transparencia\/wp-content\/uploads\/2023\/08\/miniatura-folder.png","datePublished":"2024-03-07T18:16:30+00:00","dateModified":"2024-08-19T17:43:15+00:00","breadcrumb":{"@id":"https:\/\/certv.gob.do\/portal-transparencia\/preguntas-frecuentes\/#breadcrumb"},"inLanguage":"es","potentialAction":[{"@type":"ReadAction","target":["https:\/\/certv.gob.do\/portal-transparencia\/preguntas-frecuentes\/"]}]},{"@type":"ImageObject","inLanguage":"es","@id":"https:\/\/certv.gob.do\/portal-transparencia\/preguntas-frecuentes\/#primaryimage","url":"https:\/\/certv.gob.do\/portal-transparencia\/wp-content\/uploads\/2023\/08\/miniatura-folder.png","contentUrl":"https:\/\/certv.gob.do\/portal-transparencia\/wp-content\/uploads\/2023\/08\/miniatura-folder.png","width":1280,"height":720},{"@type":"BreadcrumbList","@id":"https:\/\/certv.gob.do\/portal-transparencia\/preguntas-frecuentes\/#breadcrumb","itemListElement":[{"@type":"ListItem","position":1,"name":"Inicio","item":"https:\/\/certv.gob.do\/portal-transparencia\/"},{"@type":"ListItem","position":2,"name":"Preguntas frecuentes"}]},{"@type":"WebSite","@id":"https:\/\/certv.gob.do\/portal-transparencia\/#website","url":"https:\/\/certv.gob.do\/portal-transparencia\/","name":"Portal de Transparencia","description":"Portal de Transparencia","publisher":{"@id":"https:\/\/certv.gob.do\/portal-transparencia\/#organization"},"alternateName":"Portal de Transparencia","potentialAction":[{"@type":"SearchAction","target":{"@type":"EntryPoint","urlTemplate":"https:\/\/certv.gob.do\/portal-transparencia\/?s={search_term_string}"},"query-input":{"@type":"PropertyValueSpecification","valueRequired":true,"valueName":"search_term_string"}}],"inLanguage":"es"},{"@type":"Organization","@id":"https:\/\/certv.gob.do\/portal-transparencia\/#organization","name":"Portal de Transparencia","url":"https:\/\/certv.gob.do\/portal-transparencia\/","logo":{"@type":"ImageObject","inLanguage":"es","@id":"https:\/\/certv.gob.do\/portal-transparencia\/#\/schema\/logo\/image\/","url":"https:\/\/certv.gob.do\/portal-transparencia\/wp-content\/uploads\/2024\/08\/RTVD-LOGO-CORPORACION-ESTATAL-2-copia.svg","contentUrl":"https:\/\/certv.gob.do\/portal-transparencia\/wp-content\/uploads\/2024\/08\/RTVD-LOGO-CORPORACION-ESTATAL-2-copia.svg","width":360,"height":104,"caption":"Portal de Transparencia"},"image":{"@id":"https:\/\/certv.gob.do\/portal-transparencia\/#\/schema\/logo\/image\/"}}]}},"_links":{"self":[{"href":"https:\/\/certv.gob.do\/portal-transparencia\/wp-json\/wp\/v2\/pages\/6145","targetHints":{"allow":["GET"]}}],"collection":[{"href":"https:\/\/certv.gob.do\/portal-transparencia\/wp-json\/wp\/v2\/pages"}],"about":[{"href":"https:\/\/certv.gob.do\/portal-transparencia\/wp-json\/wp\/v2\/types\/page"}],"author":[{"embeddable":true,"href":"https:\/\/certv.gob.do\/portal-transparencia\/wp-json\/wp\/v2\/users\/1"}],"replies":[{"embeddable":true,"href":"https:\/\/certv.gob.do\/portal-transparencia\/wp-json\/wp\/v2\/comments?post=6145"}],"version-history":[{"count":16,"href":"https:\/\/certv.gob.do\/portal-transparencia\/wp-json\/wp\/v2\/pages\/6145\/revisions"}],"predecessor-version":[{"id":6536,"href":"https:\/\/certv.gob.do\/portal-transparencia\/wp-json\/wp\/v2\/pages\/6145\/revisions\/6536"}],"wp:featuredmedia":[{"embeddable":true,"href":"https:\/\/certv.gob.do\/portal-transparencia\/wp-json\/wp\/v2\/media\/6651"}],"wp:attachment":[{"href":"https:\/\/certv.gob.do\/portal-transparencia\/wp-json\/wp\/v2\/media?parent=6145"}],"curies":[{"name":"wp","href":"https:\/\/api.w.org\/{rel}","templated":true}]}}